-g - 4*y + 4 + 9, y = -3*g + 28. Suppose -4*c + 3 = -g. Determine m(c).
-11
Let f be -4 + 11 + (0 - 1). Suppose 2*g + 0*g = f. Suppose 16 = t + g*t. Let m(j) = j**2 - 4*j + 3. Give m(t).
3
Suppose 0*r + 2*r - 4*q + 6 = 0, -4*q - 1 = 5*r. Let t(h) = -h**2 - h. Let z be t(0). Let x(y) = 3*y + z*y + 3*y - 1. Give x(r).
-7
Let k(q) = -9*q**2 + 2*q - 1. Let z = -1 + -1. Suppose 3*t - 5 = 8*t. Let r be (z + 1)*t*1. What is k(r)?
-8
Let g(u) be the first derivative of -u**4/4 + 2*u**3 + 4*u**2 - 3*u + 17. Calculate g(7).
4
Let q(z) = -z**3 - 6*z**2 + 6*z - 3. Let a = 34 - 41. What is q(a)?
4
Let f(h) = 2*h + 4. Let g be f(4). Suppose 6*i = 3*i + g. Let v(m) = -1 + 2*m + 3*m + 3*m**2 - m**3 - 2*m. Determine v(i).
-5
Let q(k) = -k**3 + 2*k**2 + k + 4. Let w(o) = o**3 + 5*o**2 - 2*o - 7. Suppose -6*c = -3*c + 15. Let x be w(c). Calculate q(x).
-2
Let h(c) = -5*c. Let w(q) = -q + 1. Let r(u) = -h(u) + w(u). Determine r(-1).
-3
Let z(m) be the first derivative of -m**4/4 - m**2/2 - 6*m - 44. Suppose 4*u = -4*i - 8, -10 = -i - 4*i + 5*u. Give z(i).
-6
Let a = -1 + 4. Let n(p) be the first derivative of p**3/3 - p**2 - 4*p - 1. Calculate n(a).
-1
Let i(g) = 8 - 4 - g**2 + 7. Let j be i(0). Suppose 5 = u, -n - j = -0*n - 2*u. Let v(l) = 3*l**3 - l**2 - l - 1. What is v(n)?
-4
Suppose -9 = -3*c + 2*r, -4*r + 9 = 4*c - 3. Let o(n) = -2*n - n**c + 2*n**2 - 1 - 2*n + 4*n. Calculate o(2).
-1
Let d = 1 - 2. Let a(b) = 3*b**2 - 2*b + 2. Let u(k) = 1. Let y(h) = a(h) - 3*u(h). Calculate y(d).
4
Suppose 2*v + v = 12. Let h be (-6)/(-4) - 2/v. Let o(k) = -3*k - h - 3 + k. Determine o(-5).
6
Let n(h) = h**3 - h**2 + 2*h + 1. Let m be (13 - 9) + -1*2. What is n(m)?
9
Let m(h) be the third derivative of h**4/24 + 2*h**3/3 + h**2. Let i be m(-6). Let l(w) = 4*w - 6. Let t(o) = 5*o - 7. Let z(k) = 6*l(k) - 5*t(k). Give z(i).
1
Let s(k) = -k + 1 - 2 + 4. Suppose 2*l - 3*q = -2, 2*l = -5*q + 16 - 2. Suppose -l*u = u. What is s(u)?
3
Let a(g) = -3*g**2 + 2*g + 1. Let t(o) = -2*o**2 + o + 1. Let j(f) = -5*a(f) + 8*t(f). What is j(-3)?
0
Let u be 3/(-15) - 52/(-10). Let k(m) = -5*m + m + 1 + 7*m - u*m. Let p = 4 + -2. Give k(p).
-3
Let w(d) = 2*d**2 + 2*d + 3 - 3*d**2 - d. Let y(k) = -2*k + 31. Let j be y(14). Calculate w(j).
-3
Let s(v) = -v**3 - 5*v**2 - 3*v + 3. Suppose -9*q - 27 = -0*q. Calculate s(q).
-6
Let s(v) = -v + 1. Let j be s(6). Let l(t) be the first derivative of -t**3/3 - 5*t**2/2 + 2*t - 1. What is l(j)?
2
Let z(g) = 2*g - 11*g**2 + 4 + 0 + 12*g**2. Let o(n) = -n - 7. Let j be o(-7). Let b be -2*((-9)/(-6) - j). Give z(b).
7
Let i be 7 - (1 - 2 - -5). Let l(j) be the third derivative of 0*j - 2*j**2 + 2/3*j**i + 1/12*j**4 + 0. Calculate l(-5).
-6
Let y(b) = -4*b - 11. Let t(z) = -z - 1. Let w(l) = 6*t(l) - y(l). Determine w(4).
-3
Let u = -1/74 + 20/111. Let j(z) be the third derivative of 1/24*z**4 + 1/15*z**5 + 0*z + u*z**3 + z**2 + 0. Give j(-1).
4
Let s = 0 + 2. Let t be (-6 - 0)*(-1)/s. Let a(y) = -y + 3 - t. Give a(0).
0
Let a be (-2*1)/(1 + -2). Let f(v) = -8*v**2 + 6*v**a + 6*v + 4 + v**2. Let y = -12 - -18. Determine f(y).
4
Let b(m) = 3*m + 1. Suppose -4*q - 2*u = -3*u - 21, 4*u - 12 = 0. Let l = q + -4. Let h = l - 4. Determine b(h).
-5
Let q(c) = -3*c - 2. Let u(w) = 7*w + 5. Let h(p) = -5*q(p) - 2*u(p). What is h(5)?
5
Let s(t) = t. Let p(j) = 3*j - 7. Let d(u) = -p(u) + 5*s(u). Determine d(-5).
-3
Let r be ((-16)/48)/((-1)/3). Let s(b) = -4*b**3 + b**2 - 1. What is s(r)?
-4
Let r(g) = -3*g + 2. Let j(v) = v. Let x(f) = -4*j(f) - r(f). What is x(3)?
-5
Let o(l) = l**3 + 4*l**2 - 2*l - 3. Let i be o(-3). Let v be (8/i)/(2/(-3)). Let r(d) = -3*d**2 + 2 + d - 2*d - 3. What is r(v)?
-3
Let u = -16 - -18. Let v(l) = -l**3 - 1. Determine v(u).
-9
Suppose -j + q - 2 + 5 = 0, -q - 11 = -5*j. Let a = j + -1. Let k(m) = m**2 + 4*m + a - m**2 + m**2. What is k(-4)?
1
Let z(l) = -2*l - 1. Let a(p) = -2*p - 2. Let i(s) = -4*a(s) + 5*z(s). Determine i(-3).
9
Let q(d) = 6*d - 1. Let h be q(1). Suppose x = 3*a + 8, 0 = -2*x - h*a - 0 + 5. Let s(m) = m**2 - 5*m - 4. Give s(x).
-4
Let s = -2 - -4. Let q = s + -1. Let k(v) = -v**3 - v**2 - v + 1. Determine k(q).
-2
Let t(b) be the third derivative of -b**5/12 - b**4/12 - b**3/6 + b**2. Determine t(-1).
-4
Let b(o) be the first derivative of o**2 - 2*o**3 - 5 + 9*o - 1/4*o**4. Calculate b(-6).
-3
Suppose 13*a + 36 = 114. Let n(q) be the first derivative of q**4/4 - 7*q**3/3 + 7*q**2/2 - 3*q - 1. What is n(a)?
3
Suppose -4*j + 1 + 27 = 3*a, 2*j + a = 14. Let w(l) = -l**2 + 10*l - 10. Give w(j).
11
Let p(n) = -2*n**3 - 3*n**2 - n - 2. Suppose -5*m - 14 = 2*u, 3*u - m - 2*m = 0. Give p(u).
4
Let t(k) = k + 7. Suppose -5*i - 2 + 22 = 0. Let y = -1 - i. Let v be t(y). Let r(x) = x. Determine r(v).
2
Let h(o) = -3*o + 3*o - 3 - o**2 - 8*o. What is h(-6)?
9
Let d = -45 + 48. Suppose 0 = p - 2*p - 4. Let r = p + d. Let q(i) = -8*i**2 + 1. Calculate q(r).
-7
Let v(g) = -g**3 - g**2 + 3*g + 3. Suppose 9*d = 10*d + 2. Determine v(d).
1
Let m(f) be the second derivative of f**3/6 - f**2/2 + f. Let c be m(4). Let r(t) = t**2 - 5*t + 4. What is r(c)?
-2
Let t(m) = m**3 - 7*m**2 - 4. Let v(o) = o**3 + 3*o**2 + 5. Let b be v(-3). Suppose -2*s = -y + 2*y - b, 3*s - 4 = -y. What is t(y)?
-4
Let y(u) = -2*u - 1. Let n be (2 - 3 - -12)/(-1). Let o(k) = -5*k - 3. Let c(q) = n*y(q) + 4*o(q). Give c(2).
3
Let u(k) = k**3 + k**2 + k + 12. Let f = 26 + -26. Give u(f).
12
Suppose 0*n - 3*n - 3 = 3*x, -2*x - 3*n - 1 = 0. Let m(v) = v - 2. Determine m(x).
-4
Let x(h) be the second derivative of -5/6*h**3 - h**2 - 1/4*h**4 - 1/60*h**5 + 0 - h. Let w(p) be the first derivative of x(p). Determine w(-5).
0
Suppose l - 8 = 1. Let u(w) = -w**2 + 9*w + 4. Determine u(l).
4
Suppose 0 = h - 16 + 41. Let c be (-345)/h - (-1)/5. Suppose 2*l = -z + c, 2*l + 0 = 3*z - 2. Let o(x) = -x**3 + 4*x**2 + 4*x + 1. Give o(l).
-4
Suppose 4*w + 4*l = -20, -4*w + l = -0*l + 5. Let i = -1 - w. Suppose 3*p + i = -14. Let v(h) = h**3 + 6*h**2 + 6*h + 7. Determine v(p).
2
Suppose z - 15 = -3*t + 3*z, 5*t - 25 = 4*z. Suppose p + 4*p - 25 = f, -3*f = -p + t. Let i(q) = -3 - 2*q + 5 + f - 3. What is i(5)?
-11
Let w(h) = -8*h**2 - 29*h + 29. Let q(l) = -3*l**2 - 10*l + 10. Let a(m) = -11*q(m) + 4*w(m). Let y be (13 + -1)*9/18. Calculate a(y).
6
Let u(j) = -j**2 - 5*j - 4. Suppose -3 = -2*i - 39. Let y be i - (-1 + 6 + -2). Let t be y/5 + 1/5. Determine u(t).
0
Let p(y) be the third derivative of -y**5/60 + y**4/8 + y**3/2 + y**2. Suppose 2*m - v - 9 = 0, -3*m + 5*v - 7*v = -17. Calculate p(m).
-7
Let q be 2/(-9) - 2/(-9). Suppose q = -4*k + 20, -y - 7*k = -2*k - 28. Let c(m) = -2*m + 3. What is c(y)?
-3
Let k(t) be the third derivative of -t**6/120 + t**5/20 - t**4/12 + 2*t**3/3 - 4*t**2. Let o(p) = p + 3. Let b be o(0). Give k(b).
-2
Let o(t) = 2*t - 5. Let k(u) be the third derivative of -u**4/12 + 5*u**3/6 + 5*u**2. Let h(j) = -4*k(j) - 3*o(j). Calculate h(5).
5
Let u(n) = n**2 + n - 2. Let g(z) = 11*z + 11. Let c be g(-1). Calculate u(c).
-2
Let z(x) = -7*x**3 - x**2 + x + 1. Let f(j) = -j**3 - 4*j**2 - j + 2. Let k be f(-3). Let t = k + 4. Let u = t + -1. What is z(u)?
6
Let x(y) = -36*y**3 - 4*y + 3 + 3*y**2 + 1 + 35*y**3. Calculate x(3).
-8
Suppose 3*y - 17 = 2*a, 5*a - a + 3*y = 11. Let j(m) be the first derivative of -2*m**3/3 - m**2/2 - m - 2. Give j(a).
-2
Suppose -d + 2 = -2. Let a(p) be the first derivative of p**4/4 - 5*p**3/3 + p**2/2 + 5*p + 1. Calculate a(d).
-7
Let o = 25 + -20. Let g(r) = 7*r + 10*r**3 + 6 - o - 5*r. Calculate g(-1).
-11
Let l be (-13)/(-12) + -2 + 1/1. Let w(c) be the second derivative of c + c**3 - 7/2*c**2 - l*c**4 + 0. Give w(5).
-2
Let d(s) = -4*s**2 + 3*s**2 - 3*s - 5 + 8 + 2*s**2. Determine d(3).
3
Suppose a + 6 = -2*z, 12 = -3*a + z + 1. Let c(l) be the first derivative of -3*l + 1 - 5/2*l**2 - 1/3*l**3. Give c(a).
1
Let v(j) = 2*j**3 - 2*j**2 - 8*j - 7. Let b(i) = -2*i**3 + 2*i**2 + 7*i + 6. Suppose 0 = 3*y + y. Let k = 6 - y. Let h(o) = k*b(o) + 5*v(o). Give h(-1).
3
Suppose -16 = -4*n - 4. Let o(m) be the first derivative of -2*m**2 - 1 + 1/3*m**n - m. What is o(3)?
-4
Let a(l) = l**2 - l + 18. Let x = 32 + -32. What is a(x)?
18
Let g(r) = -r**2 + 4*r + 4. Suppose -4 = -2*k + k. Determine g(k).
4
Let o(i) be the third derivat